{"id":424,"date":"2023-11-01T00:40:25","date_gmt":"2023-11-01T03:40:25","guid":{"rendered":"https:\/\/nlgtradex.com\/?page_id=424"},"modified":"2023-12-25T16:43:44","modified_gmt":"2023-12-25T19:43:44","slug":"teamer","status":"publish","type":"page","link":"https:\/\/nlgtradex.com\/index.php\/pt\/teamer\/","title":{"rendered":"teamer"},"content":{"rendered":"\t\t<div data-elementor-type=\"wp-page\" data-elementor-id=\"424\" class=\"elementor elementor-424\" data-elementor-post-type=\"page\">\n\t\t\t\t<div class=\"elementor-element elementor-element-880b4c2 e-flex e-con-boxed e-con e-parent\" data-id=\"880b4c2\" data-element_type=\"container\" data-e-type=\"container\" data-settings=\"{&quot;background_background&quot;:&quot;classic&quot;}\">\n\t\t\t\t\t<div class=\"e-con-inner\">\n\t\t\t\t<div class=\"elementor-element elementor-element-b65e1db elementor-widget elementor-widget-heading\" data-id=\"b65e1db\" data-element_type=\"widget\" data-e-type=\"widget\" data-widget_type=\"heading.default\">\n\t\t\t\t<div class=\"elementor-widget-container\">\n\t\t\t\t\t<h2 class=\"elementor-heading-title elementor-size-default\">Nossa Fam\u00edlia<\/h2>\t\t\t\t<\/div>\n\t\t\t\t<\/div>\n\t\t<div class=\"elementor-element elementor-element-0b8447f e-flex e-con-boxed e-con e-child\" data-id=\"0b8447f\" data-element_type=\"container\" data-e-type=\"container\">\n\t\t\t\t\t<div class=\"e-con-inner\">\n\t\t\t\t<div class=\"elementor-element elementor-element-429c220 elementor-widget__width-initial e-transform e-transform elementor-widget-mobile__width-initial elementor-position-top elementor-widget elementor-widget-image-box\" data-id=\"429c220\" data-element_type=\"widget\" data-e-type=\"widget\" data-settings=\"{&quot;_transform_translateX_effect&quot;:{&quot;unit&quot;:&quot;px&quot;,&quot;size&quot;:&quot;&quot;,&quot;sizes&quot;:[]},&quot;_transform_translateX_effect_tablet&quot;:{&quot;unit&quot;:&quot;px&quot;,&quot;size&quot;:&quot;&quot;,&quot;sizes&quot;:[]},&quot;_transform_translateX_effect_mobile&quot;:{&quot;unit&quot;:&quot;px&quot;,&quot;size&quot;:&quot;&quot;,&quot;sizes&quot;:[]},&quot;_transform_translateY_effect&quot;:{&quot;unit&quot;:&quot;px&quot;,&quot;size&quot;:&quot;&quot;,&quot;sizes&quot;:[]},&quot;_transform_translateY_effect_tablet&quot;:{&quot;unit&quot;:&quot;px&quot;,&quot;size&quot;:&quot;&quot;,&quot;sizes&quot;:[]},&quot;_transform_translateY_effect_mobile&quot;:{&quot;unit&quot;:&quot;px&quot;,&quot;size&quot;:&quot;&quot;,&quot;sizes&quot;:[]},&quot;_transform_scale_effect&quot;:{&quot;unit&quot;:&quot;px&quot;,&quot;size&quot;:&quot;&quot;,&quot;sizes&quot;:[]},&quot;_transform_scale_effect_tablet&quot;:{&quot;unit&quot;:&quot;px&quot;,&quot;size&quot;:&quot;&quot;,&quot;sizes&quot;:[]},&quot;_transform_scale_effect_mobile&quot;:{&quot;unit&quot;:&quot;px&quot;,&quot;size&quot;:&quot;&quot;,&quot;sizes&quot;:[]}}\" data-widget_type=\"image-box.default\">\n\t\t\t\t<div class=\"elementor-widget-container\">\n\t\t\t\t\t<div class=\"elementor-image-box-wrapper\"><figure class=\"elementor-image-box-img\"><img fetchpriority=\"high\" decoding=\"async\" width=\"597\" height=\"361\" src=\"https:\/\/nlgtradex.com\/wp-content\/uploads\/2023\/10\/IMG_1383.jpeg\" class=\"elementor-animation-grow attachment-full size-full wp-image-418\" alt=\"\" srcset=\"https:\/\/nlgtradex.com\/wp-content\/uploads\/2023\/10\/IMG_1383.jpeg 597w, https:\/\/nlgtradex.com\/wp-content\/uploads\/2023\/10\/IMG_1383-300x181.jpeg 300w\" sizes=\"(max-width: 597px) 100vw, 597px\" \/><\/figure><div class=\"elementor-image-box-content\"><h3 class=\"elementor-image-box-title\">Nilton Gasparato<br>CEO<\/h3><p class=\"elementor-image-box-description\">Nilton Gasparato \u00e9 um especialista em intelig\u00eancia internacional com um bacharelado em Com\u00e9rcio Exterior e um MBA em Tend\u00eancias e Inova\u00e7\u00e3o. Como Diretor Executivo, ele lidera a NLG com vis\u00e3o estrat\u00e9gica e experi\u00eancia global.<\/p><\/div><\/div>\t\t\t\t<\/div>\n\t\t\t\t<\/div>\n\t\t\t\t<div class=\"elementor-element elementor-element-2fc8870 e-transform e-transform elementor-position-top elementor-widget elementor-widget-image-box\" data-id=\"2fc8870\" data-element_type=\"widget\" data-e-type=\"widget\" data-settings=\"{&quot;_transform_translateX_effect&quot;:{&quot;unit&quot;:&quot;px&quot;,&quot;size&quot;:&quot;&quot;,&quot;sizes&quot;:[]},&quot;_transform_translateX_effect_tablet&quot;:{&quot;unit&quot;:&quot;px&quot;,&quot;size&quot;:&quot;&quot;,&quot;sizes&quot;:[]},&quot;_transform_translateX_effect_mobile&quot;:{&quot;unit&quot;:&quot;px&quot;,&quot;size&quot;:&quot;&quot;,&quot;sizes&quot;:[]},&quot;_transform_translateY_effect&quot;:{&quot;unit&quot;:&quot;px&quot;,&quot;size&quot;:&quot;&quot;,&quot;sizes&quot;:[]},&quot;_transform_translateY_effect_tablet&quot;:{&quot;unit&quot;:&quot;px&quot;,&quot;size&quot;:&quot;&quot;,&quot;sizes&quot;:[]},&quot;_transform_translateY_effect_mobile&quot;:{&quot;unit&quot;:&quot;px&quot;,&quot;size&quot;:&quot;&quot;,&quot;sizes&quot;:[]},&quot;_transform_scale_effect&quot;:{&quot;unit&quot;:&quot;px&quot;,&quot;size&quot;:&quot;&quot;,&quot;sizes&quot;:[]},&quot;_transform_scale_effect_tablet&quot;:{&quot;unit&quot;:&quot;px&quot;,&quot;size&quot;:&quot;&quot;,&quot;sizes&quot;:[]},&quot;_transform_scale_effect_mobile&quot;:{&quot;unit&quot;:&quot;px&quot;,&quot;size&quot;:&quot;&quot;,&quot;sizes&quot;:[]}}\" data-widget_type=\"image-box.default\">\n\t\t\t\t<div class=\"elementor-widget-container\">\n\t\t\t\t\t<div class=\"elementor-image-box-wrapper\"><figure class=\"elementor-image-box-img\"><img decoding=\"async\" width=\"1251\" height=\"899\" src=\"https:\/\/nlgtradex.com\/wp-content\/uploads\/2023\/10\/WhatsApp-Image-2023-10-31-at-7.03.16-PM.jpeg\" class=\"elementor-animation-grow attachment-full size-full wp-image-415\" alt=\"\" srcset=\"https:\/\/nlgtradex.com\/wp-content\/uploads\/2023\/10\/WhatsApp-Image-2023-10-31-at-7.03.16-PM.jpeg 1251w, https:\/\/nlgtradex.com\/wp-content\/uploads\/2023\/10\/WhatsApp-Image-2023-10-31-at-7.03.16-PM-600x431.jpeg 600w, https:\/\/nlgtradex.com\/wp-content\/uploads\/2023\/10\/WhatsApp-Image-2023-10-31-at-7.03.16-PM-300x216.jpeg 300w, https:\/\/nlgtradex.com\/wp-content\/uploads\/2023\/10\/WhatsApp-Image-2023-10-31-at-7.03.16-PM-1024x736.jpeg 1024w, https:\/\/nlgtradex.com\/wp-content\/uploads\/2023\/10\/WhatsApp-Image-2023-10-31-at-7.03.16-PM-768x552.jpeg 768w\" sizes=\"(max-width: 1251px) 100vw, 1251px\" \/><\/figure><div class=\"elementor-image-box-content\"><h3 class=\"elementor-image-box-title\">Karynee Faria<br>CRO<\/h3><p class=\"elementor-image-box-description\">Karynne Faria \u00e9 especialista em intelig\u00eancia cont\u00e1bil, com um bacharelado em Ci\u00eancias Cont\u00e1beis e expertise em Business to Business. Como Diretora de Rela\u00e7\u00f5es, ela desempenha um papel fundamental no estabelecimento e manuten\u00e7\u00e3o de relacionamentos comerciais.<\/p><\/div><\/div>\t\t\t\t<\/div>\n\t\t\t\t<\/div>\n\t\t\t\t\t<\/div>\n\t\t\t\t<\/div>\n\t\t<div class=\"elementor-element elementor-element-8a891ef e-flex e-con-boxed e-con e-child\" data-id=\"8a891ef\" data-element_type=\"container\" data-e-type=\"container\">\n\t\t\t\t\t<div class=\"e-con-inner\">\n\t\t\t\t<div class=\"elementor-element elementor-element-3248f97 elementor-widget__width-initial e-transform e-transform elementor-widget-mobile__width-initial elementor-position-top elementor-widget elementor-widget-image-box\" data-id=\"3248f97\" data-element_type=\"widget\" data-e-type=\"widget\" data-settings=\"{&quot;_transform_translateX_effect&quot;:{&quot;unit&quot;:&quot;px&quot;,&quot;size&quot;:&quot;&quot;,&quot;sizes&quot;:[]},&quot;_transform_translateX_effect_tablet&quot;:{&quot;unit&quot;:&quot;px&quot;,&quot;size&quot;:&quot;&quot;,&quot;sizes&quot;:[]},&quot;_transform_translateX_effect_mobile&quot;:{&quot;unit&quot;:&quot;px&quot;,&quot;size&quot;:&quot;&quot;,&quot;sizes&quot;:[]},&quot;_transform_translateY_effect&quot;:{&quot;unit&quot;:&quot;px&quot;,&quot;size&quot;:&quot;&quot;,&quot;sizes&quot;:[]},&quot;_transform_translateY_effect_tablet&quot;:{&quot;unit&quot;:&quot;px&quot;,&quot;size&quot;:&quot;&quot;,&quot;sizes&quot;:[]},&quot;_transform_translateY_effect_mobile&quot;:{&quot;unit&quot;:&quot;px&quot;,&quot;size&quot;:&quot;&quot;,&quot;sizes&quot;:[]},&quot;_transform_scale_effect&quot;:{&quot;unit&quot;:&quot;px&quot;,&quot;size&quot;:&quot;&quot;,&quot;sizes&quot;:[]},&quot;_transform_scale_effect_tablet&quot;:{&quot;unit&quot;:&quot;px&quot;,&quot;size&quot;:&quot;&quot;,&quot;sizes&quot;:[]},&quot;_transform_scale_effect_mobile&quot;:{&quot;unit&quot;:&quot;px&quot;,&quot;size&quot;:&quot;&quot;,&quot;sizes&quot;:[]}}\" data-widget_type=\"image-box.default\">\n\t\t\t\t<div class=\"elementor-widget-container\">\n\t\t\t\t\t<div class=\"elementor-image-box-wrapper\"><figure class=\"elementor-image-box-img\"><img decoding=\"async\" width=\"1024\" height=\"764\" src=\"https:\/\/nlgtradex.com\/wp-content\/uploads\/2023\/10\/WechatIMG27.jpg\" class=\"elementor-animation-grow attachment-full size-full wp-image-417\" alt=\"\" srcset=\"https:\/\/nlgtradex.com\/wp-content\/uploads\/2023\/10\/WechatIMG27.jpg 1024w, https:\/\/nlgtradex.com\/wp-content\/uploads\/2023\/10\/WechatIMG27-600x448.jpg 600w, https:\/\/nlgtradex.com\/wp-content\/uploads\/2023\/10\/WechatIMG27-300x224.jpg 300w, https:\/\/nlgtradex.com\/wp-content\/uploads\/2023\/10\/WechatIMG27-768x573.jpg 768w\" sizes=\"(max-width: 1024px) 100vw, 1024px\" \/><\/figure><div class=\"elementor-image-box-content\"><h3 class=\"elementor-image-box-title\">Sherry Nier<br>CLO<\/h3><p class=\"elementor-image-box-description\">Sherry Nie \u00e9 especialista em log\u00edstica internacional, com uma licenciatura em Com\u00e9rcio Internacional e uma vasta experi\u00eancia no manuseamento de embarques e na gest\u00e3o de documenta\u00e7\u00e3o no estrangeiro. Ela gere processos de log\u00edstica e pesquisa na China, garantindo que todas as opera\u00e7\u00f5es s\u00e3o executadas com efici\u00eancia e precis\u00e3o.<\/p><\/div><\/div>\t\t\t\t<\/div>\n\t\t\t\t<\/div>\n\t\t\t\t<div class=\"elementor-element elementor-element-0e4b07a e-transform e-transform elementor-position-top elementor-widget elementor-widget-image-box\" data-id=\"0e4b07a\" data-element_type=\"widget\" data-e-type=\"widget\" data-settings=\"{&quot;_transform_translateX_effect&quot;:{&quot;unit&quot;:&quot;px&quot;,&quot;size&quot;:&quot;&quot;,&quot;sizes&quot;:[]},&quot;_transform_translateX_effect_tablet&quot;:{&quot;unit&quot;:&quot;px&quot;,&quot;size&quot;:&quot;&quot;,&quot;sizes&quot;:[]},&quot;_transform_translateX_effect_mobile&quot;:{&quot;unit&quot;:&quot;px&quot;,&quot;size&quot;:&quot;&quot;,&quot;sizes&quot;:[]},&quot;_transform_translateY_effect&quot;:{&quot;unit&quot;:&quot;px&quot;,&quot;size&quot;:&quot;&quot;,&quot;sizes&quot;:[]},&quot;_transform_translateY_effect_tablet&quot;:{&quot;unit&quot;:&quot;px&quot;,&quot;size&quot;:&quot;&quot;,&quot;sizes&quot;:[]},&quot;_transform_translateY_effect_mobile&quot;:{&quot;unit&quot;:&quot;px&quot;,&quot;size&quot;:&quot;&quot;,&quot;sizes&quot;:[]},&quot;_transform_scale_effect&quot;:{&quot;unit&quot;:&quot;px&quot;,&quot;size&quot;:&quot;&quot;,&quot;sizes&quot;:[]},&quot;_transform_scale_effect_tablet&quot;:{&quot;unit&quot;:&quot;px&quot;,&quot;size&quot;:&quot;&quot;,&quot;sizes&quot;:[]},&quot;_transform_scale_effect_mobile&quot;:{&quot;unit&quot;:&quot;px&quot;,&quot;size&quot;:&quot;&quot;,&quot;sizes&quot;:[]}}\" data-widget_type=\"image-box.default\">\n\t\t\t\t<div class=\"elementor-widget-container\">\n\t\t\t\t\t<div class=\"elementor-image-box-wrapper\"><figure class=\"elementor-image-box-img\"><img loading=\"lazy\" decoding=\"async\" width=\"1252\" height=\"860\" src=\"https:\/\/nlgtradex.com\/wp-content\/uploads\/2023\/10\/WhatsApp-Image-2023-10-31-at-8.44.09-PM.jpeg\" class=\"elementor-animation-grow attachment-full size-full wp-image-416\" alt=\"\" srcset=\"https:\/\/nlgtradex.com\/wp-content\/uploads\/2023\/10\/WhatsApp-Image-2023-10-31-at-8.44.09-PM.jpeg 1252w, https:\/\/nlgtradex.com\/wp-content\/uploads\/2023\/10\/WhatsApp-Image-2023-10-31-at-8.44.09-PM-600x412.jpeg 600w, https:\/\/nlgtradex.com\/wp-content\/uploads\/2023\/10\/WhatsApp-Image-2023-10-31-at-8.44.09-PM-300x206.jpeg 300w, https:\/\/nlgtradex.com\/wp-content\/uploads\/2023\/10\/WhatsApp-Image-2023-10-31-at-8.44.09-PM-1024x703.jpeg 1024w, https:\/\/nlgtradex.com\/wp-content\/uploads\/2023\/10\/WhatsApp-Image-2023-10-31-at-8.44.09-PM-768x528.jpeg 768w\" sizes=\"(max-width: 1252px) 100vw, 1252px\" \/><\/figure><div class=\"elementor-image-box-content\"><h3 class=\"elementor-image-box-title\">Elena Lee<br>CSO<\/h3><p class=\"elementor-image-box-description\">Elena Lee \u00e9 uma especialista na gest\u00e3o da cadeia de abastecimento, com uma licenciatura em Ingl\u00eas Empresarial e anos de experi\u00eancia em sourcing e compras. \u00c9 respons\u00e1vel por encontrar fornecedores e produtos na China. Sua especializa\u00e7\u00e3o em compras e relacionamentos na China \u00e9 crucial para garantir excelentes fornecedores.<\/p><\/div><\/div>\t\t\t\t<\/div>\n\t\t\t\t<\/div>\n\t\t\t\t\t<\/div>\n\t\t\t\t<\/div>\n\t\t\t\t\t<\/div>\n\t\t\t\t<\/div>\n\t\t<div class=\"elementor-element elementor-element-3b4c1a62 e-flex e-con-boxed e-con e-parent\" data-id=\"3b4c1a62\" data-element_type=\"container\" data-e-type=\"container\" data-settings=\"{&quot;background_background&quot;:&quot;classic&quot;}\">\n\t\t\t\t\t<div class=\"e-con-inner\">\n\t\t<div class=\"elementor-element elementor-element-18d62472 e-con-full e-flex e-con e-child\" data-id=\"18d62472\" data-element_type=\"container\" data-e-type=\"container\">\n\t\t\t\t<div class=\"elementor-element elementor-element-544966fe elementor-widget elementor-widget-heading\" data-id=\"544966fe\" data-element_type=\"widget\" data-e-type=\"widget\" data-widget_type=\"heading.default\">\n\t\t\t\t<div class=\"elementor-widget-container\">\n\t\t\t\t\t<h2 class=\"elementor-heading-title elementor-size-default\">Contate j\u00e1<\/h2>\t\t\t\t<\/div>\n\t\t\t\t<\/div>\n\t\t\t\t<div class=\"elementor-element elementor-element-1ede0a69 elementor-widget elementor-widget-text-editor\" data-id=\"1ede0a69\" data-element_type=\"widget\" data-e-type=\"widget\" data-widget_type=\"text-editor.default\">\n\t\t\t\t<div class=\"elementor-widget-container\">\n\t\t\t\t\t\t\t\t\t<div class=\"page\" title=\"Page 1\"><div class=\"section\"><div class=\"layoutArea\"><div class=\"column\"><p>Conecte-se conosco atrav\u00e9s do nosso formul\u00e1rio de contato e deixe-nos saber como podemos ajud\u00e1-lo. Estamos sempre prontos para ajud\u00e1-lo com as suas necessidades de Com\u00e9rcio Internacional.<\/p><\/div><\/div><\/div><\/div>\t\t\t\t\t\t\t\t<\/div>\n\t\t\t\t<\/div>\n\t\t\t\t<\/div>\n\t\t<div class=\"elementor-element elementor-element-60cae251 e-con-full e-flex e-con e-child\" data-id=\"60cae251\" data-element_type=\"container\" data-e-type=\"container\" data-settings=\"{&quot;background_background&quot;:&quot;classic&quot;}\">\n\t\t\t\t<div class=\"elementor-element elementor-element-3b94c319 elementor-widget elementor-widget-wpforms\" data-id=\"3b94c319\" data-element_type=\"widget\" data-e-type=\"widget\" data-widget_type=\"wpforms.default\">\n\t\t\t\t<div class=\"elementor-widget-container\">\n\t\t\t\t\t<style id=\"wpforms-css-vars-elementor-widget-3b94c319\">\n\t\t\t\t.elementor-widget-wpforms.elementor-element-3b94c319 {\n\t\t\t\t--wpforms-field-text-color: #FFFFFF;\n--wpforms-label-color: #FFFFFFD9;\n--wpforms-label-sublabel-color: #FFFFFF8C;\n--wpforms-label-error-color: #D6B536;\n--wpforms-button-background-color: #E4CEBF;\n--wpforms-button-text-color: #0C3C52;\n\t\t\t}\n\t\t\t<\/style><div class=\"wpforms-container wpforms-container-full wpforms-render-modern\" id=\"wpforms-390\"><form id=\"wpforms-form-390\" class=\"wpforms-validate wpforms-form wpforms-ajax-form\" data-formid=\"390\" method=\"post\" enctype=\"multipart\/form-data\" action=\"\/index.php\/wp-json\/wp\/v2\/pages\/424\" data-token=\"fd3fdd41dda1e7aafcf21a1230efd451\" data-token-time=\"1776407048\"><noscript class=\"wpforms-error-noscript\">Please enable JavaScript in your browser to complete this form.<\/noscript><div id=\"wpforms-error-noscript\" style=\"display: none;\">Please enable JavaScript in your browser to complete this form.<\/div><div class=\"wpforms-field-container\"><div id=\"wpforms-390-field_0-container\" class=\"wpforms-field wpforms-field-name\" data-field-id=\"0\"><label class=\"wpforms-field-label\" for=\"wpforms-390-field_0\">Nome <span class=\"wpforms-required-label\" aria-hidden=\"true\">*<\/span><\/label><input type=\"text\" id=\"wpforms-390-field_0\" class=\"wpforms-field-medium wpforms-field-required\" name=\"wpforms[fields][0]\" aria-errormessage=\"wpforms-390-field_0-error\" required><\/div><div id=\"wpforms-390-field_1-container\" class=\"wpforms-field wpforms-field-email\" data-field-id=\"1\"><label class=\"wpforms-field-label\" for=\"wpforms-390-field_1\">Email <span class=\"wpforms-required-label\" aria-hidden=\"true\">*<\/span><\/label><input type=\"email\" id=\"wpforms-390-field_1\" class=\"wpforms-field-medium wpforms-field-required\" name=\"wpforms[fields][1]\" spellcheck=\"false\" aria-errormessage=\"wpforms-390-field_1-error\" required><\/div><div id=\"wpforms-390-field_2-container\" class=\"wpforms-field wpforms-field-textarea\" data-field-id=\"2\"><label class=\"wpforms-field-label\" for=\"wpforms-390-field_2\">Mensagem<\/label><textarea id=\"wpforms-390-field_2\" class=\"wpforms-field-medium\" name=\"wpforms[fields][2]\" aria-errormessage=\"wpforms-390-field_2-error\" ><\/textarea><\/div><\/div><!-- .wpforms-field-container --><div class=\"wpforms-submit-container\" ><input type=\"hidden\" name=\"wpforms[id]\" value=\"390\"><input type=\"hidden\" name=\"page_title\" value=\"\"><input type=\"hidden\" name=\"page_url\" value=\"https:\/\/nlgtradex.com\/index.php\/wp-json\/wp\/v2\/pages\/424\"><input type=\"hidden\" name=\"url_referer\" value=\"\"><button type=\"submit\" name=\"wpforms[submit]\" id=\"wpforms-submit-390\" class=\"wpforms-submit\" data-alt-text=\"Enviando\" data-submit-text=\"Enviar\" aria-live=\"assertive\" value=\"wpforms-submit\">Enviar<\/button><img loading=\"lazy\" decoding=\"async\" src=\"https:\/\/nlgtradex.com\/wp-content\/plugins\/wpforms-lite\/assets\/images\/submit-spin.svg\" class=\"wpforms-submit-spinner\" style=\"display: none;\" width=\"26\" height=\"26\" alt=\"Loading\"><\/div><\/form><\/div>  <!-- .wpforms-container -->\t\t\t\t<\/div>\n\t\t\t\t<\/div>\n\t\t\t\t<\/div>\n\t\t\t\t\t<\/div>\n\t\t\t\t<\/div>\n\t\t\t\t<\/div>\n\t\t","protected":false},"excerpt":{"rendered":"<p>Nossa Fam\u00edlia Nilton GasparatoCEO Nilton Gasparato \u00e9 um especialista em intelig\u00eancia internacional com um bacharelado em Com\u00e9rcio Exterior e um MBA em Tend\u00eancias e Inova\u00e7\u00e3o. Como Diretor Executivo, ele lidera a NLG com vis\u00e3o estrat\u00e9gica e experi\u00eancia global. Karynee FariaCRO Karynne Faria \u00e9 especialista em intelig\u00eancia cont\u00e1bil, com um bacharelado em Ci\u00eancias Cont\u00e1beis e expertise [&hellip;]<\/p>\n","protected":false},"author":1,"featured_media":0,"parent":0,"menu_order":0,"comment_status":"closed","ping_status":"closed","template":"","meta":{"_monsterinsights_skip_tracking":false,"_monsterinsights_sitenote_active":false,"_monsterinsights_sitenote_note":"","_monsterinsights_sitenote_category":0,"footnotes":""},"class_list":["post-424","page","type-page","status-publish","hentry"],"aioseo_notices":[],"_hostinger_reach_plugin_has_subscription_block":false,"_hostinger_reach_plugin_is_elementor":false,"_links":{"self":[{"href":"https:\/\/nlgtradex.com\/index.php\/wp-json\/wp\/v2\/pages\/424","targetHints":{"allow":["GET"]}}],"collection":[{"href":"https:\/\/nlgtradex.com\/index.php\/wp-json\/wp\/v2\/pages"}],"about":[{"href":"https:\/\/nlgtradex.com\/index.php\/wp-json\/wp\/v2\/types\/page"}],"author":[{"embeddable":true,"href":"https:\/\/nlgtradex.com\/index.php\/wp-json\/wp\/v2\/users\/1"}],"replies":[{"embeddable":true,"href":"https:\/\/nlgtradex.com\/index.php\/wp-json\/wp\/v2\/comments?post=424"}],"version-history":[{"count":28,"href":"https:\/\/nlgtradex.com\/index.php\/wp-json\/wp\/v2\/pages\/424\/revisions"}],"predecessor-version":[{"id":699,"href":"https:\/\/nlgtradex.com\/index.php\/wp-json\/wp\/v2\/pages\/424\/revisions\/699"}],"wp:attachment":[{"href":"https:\/\/nlgtradex.com\/index.php\/wp-json\/wp\/v2\/media?parent=424"}],"curies":[{"name":"wp","href":"https:\/\/api.w.org\/{rel}","templated":true}]}}